{"id":998,"date":"2025-08-14T09:23:46","date_gmt":"2025-08-14T07:23:46","guid":{"rendered":"https:\/\/www.demarque-licaplast.com\/demarque\/?page_id=998"},"modified":"2025-08-14T09:34:47","modified_gmt":"2025-08-14T07:34:47","slug":"maintenance-textile","status":"publish","type":"page","link":"https:\/\/www.demarque-licaplast.com\/demarque\/index.php\/maintenance-textile\/","title":{"rendered":"Maintenance Textile"},"content":{"rendered":"\t\t<div data-elementor-type=\"wp-page\" data-elementor-id=\"998\" class=\"elementor elementor-998\">\n\t\t\t\t\t\t<section class=\"elementor-section elementor-top-section elementor-element elementor-element-f93155c elementor-section-boxed elementor-section-height-default elementor-section-height-default\" data-id=\"f93155c\" data-element_type=\"section\">\n\t\t\t\t\t\t<div class=\"elementor-container elementor-column-gap-default\">\n\t\t\t\t\t<div class=\"elementor-column elementor-col-100 elementor-top-column elementor-element elementor-element-dba9e2c\" data-id=\"dba9e2c\" data-element_type=\"column\">\n\t\t\t<div class=\"elementor-widget-wrap elementor-element-populated\">\n\t\t\t\t\t\t<section class=\"elementor-section elementor-inner-section elementor-element elementor-element-835ae37 elementor-section-boxed elementor-section-height-default elementor-section-height-default\" data-id=\"835ae37\" data-element_type=\"section\">\n\t\t\t\t\t\t<div class=\"elementor-container elementor-column-gap-default\">\n\t\t\t\t\t<div class=\"elementor-column elementor-col-50 elementor-inner-column elementor-element elementor-element-7cceec3\" data-id=\"7cceec3\" data-element_type=\"column\">\n\t\t\t<div class=\"elementor-widget-wrap elementor-element-populated\">\n\t\t\t\t\t\t<div class=\"elementor-element elementor-element-7242984 elementor-widget elementor-widget-image\" data-id=\"7242984\" data-element_type=\"widget\" data-widget_type=\"image.default\">\n\t\t\t\t<div class=\"elementor-widget-container\">\n\t\t\t\t\t\t\t\t\t\t\t\t\t\t\t<img fetchpriority=\"high\" decoding=\"async\" width=\"860\" height=\"573\" src=\"https:\/\/www.demarque-licaplast.com\/demarque\/wp-content\/uploads\/2023\/05\/Textile.jpg\" class=\"attachment-large size-large wp-image-210\" alt=\"\" srcset=\"https:\/\/www.demarque-licaplast.com\/demarque\/wp-content\/uploads\/2023\/05\/Textile.jpg 860w, https:\/\/www.demarque-licaplast.com\/demarque\/wp-content\/uploads\/2023\/05\/Textile-300x200.jpg 300w, https:\/\/www.demarque-licaplast.com\/demarque\/wp-content\/uploads\/2023\/05\/Textile-768x512.jpg 768w\" sizes=\"(max-width: 860px) 100vw, 860px\" \/>\t\t\t\t\t\t\t\t\t\t\t\t\t\t\t<\/div>\n\t\t\t\t<\/div>\n\t\t\t\t\t<\/div>\n\t\t<\/div>\n\t\t\t\t<div class=\"elementor-column elementor-col-50 elementor-inner-column elementor-element elementor-element-70a67c9\" data-id=\"70a67c9\" data-element_type=\"column\">\n\t\t\t<div class=\"elementor-widget-wrap elementor-element-populated\">\n\t\t\t\t\t\t<div class=\"elementor-element elementor-element-7c382b9 elementor-widget elementor-widget-spacer\" data-id=\"7c382b9\" data-element_type=\"widget\" data-widget_type=\"spacer.default\">\n\t\t\t\t<div class=\"elementor-widget-container\">\n\t\t\t\t\t\t\t<div class=\"elementor-spacer\">\n\t\t\t<div class=\"elementor-spacer-inner\"><\/div>\n\t\t<\/div>\n\t\t\t\t\t\t<\/div>\n\t\t\t\t<\/div>\n\t\t\t\t<div class=\"elementor-element elementor-element-93dd728 elementor-widget__width-initial elementor-widget elementor-widget-text-editor\" data-id=\"93dd728\" data-element_type=\"widget\" data-widget_type=\"text-editor.default\">\n\t\t\t\t<div class=\"elementor-widget-container\">\n\t\t\t\t\t\t\t\t\t<p data-start=\"153\" data-end=\"504\">Acteur reconnu depuis de nombreuses ann\u00e9es, nous accompagnons les filatures <strong data-start=\"229\" data-end=\"241\">open end<\/strong> et les peignages dans la <strong data-start=\"267\" data-end=\"312\">fourniture, l\u2019entretien et l\u2019optimisation<\/strong> de leur mat\u00e9riel.<\/p><p data-start=\"153\" data-end=\"504\">Notre expertise nous permet d\u2019intervenir \u00e0 chaque \u00e9tape, du conseil technique \u00e0 la livraison, avec un service r\u00e9actif et adapt\u00e9 aux besoins sp\u00e9cifiques de chaque client.<\/p>\n<p data-start=\"506\" data-end=\"605\"><strong data-start=\"506\" data-end=\"522\">Agent France \/ Belgique \/ Maroc&nbsp;<\/strong>&nbsp;pour les marques :<\/p>\n<p data-start=\"506\" data-end=\"605\"><strong data-start=\"544\" data-end=\"603\">BR\u00c4CKER \u2013 ZENTEX \u2013 RIETER (ACCOTEX) \u2013 RAUSHERT \u2013 SAURER<\/strong><\/p>\t\t\t\t\t\t\t\t<\/div>\n\t\t\t\t<\/div>\n\t\t\t\t\t<\/div>\n\t\t<\/div>\n\t\t\t\t\t<\/div>\n\t\t<\/section>\n\t\t\t\t\t<\/div>\n\t\t<\/div>\n\t\t\t\t\t<\/div>\n\t\t<\/section>\n\t\t\t\t<section class=\"elementor-section elementor-top-section elementor-element elementor-element-06c98e8 elementor-section-boxed elementor-section-height-default elementor-section-height-default\" data-id=\"06c98e8\" data-element_type=\"section\">\n\t\t\t\t\t\t<div class=\"elementor-container elementor-column-gap-default\">\n\t\t\t\t\t<div class=\"elementor-column elementor-col-50 elementor-top-column elementor-element elementor-element-693a486\" data-id=\"693a486\" data-element_type=\"column\">\n\t\t\t<div class=\"elementor-widget-wrap elementor-element-populated\">\n\t\t\t\t\t\t<div class=\"elementor-element elementor-element-ddaa382 elementor-widget elementor-widget-heading\" data-id=\"ddaa382\" data-element_type=\"widget\" data-widget_type=\"heading.default\">\n\t\t\t\t<div class=\"elementor-widget-container\">\n\t\t\t\t\t<h2 class=\"elementor-heading-title elementor-size-default\">Nos prestations : <\/h2>\t\t\t\t<\/div>\n\t\t\t\t<\/div>\n\t\t\t\t<div class=\"elementor-element elementor-element-2857b96 elementor-widget elementor-widget-text-editor\" data-id=\"2857b96\" data-element_type=\"widget\" data-widget_type=\"text-editor.default\">\n\t\t\t\t<div class=\"elementor-widget-container\">\n\t\t\t\t\t\t\t\t\t<ul>\n<li data-start=\"617\" data-end=\"688\">\n<p data-start=\"619\" data-end=\"688\"><strong data-start=\"619\" data-end=\"640\">Conseil technique<\/strong> personnalis\u00e9 pour optimiser vos installations<\/p>\n<\/li>\n<li data-start=\"689\" data-end=\"747\">\n<p data-start=\"691\" data-end=\"747\"><strong data-start=\"691\" data-end=\"719\">Approvisionnement rapide<\/strong> de pi\u00e8ces et consommables<\/p>\n<\/li>\n<li data-start=\"689\" data-end=\"747\">\n<p data-start=\"691\" data-end=\"747\"><strong style=\"font-size: 14px;\" data-start=\"829\" data-end=\"871\">Rectification et montage <\/strong><span style=\"font-size: 14px;\" data-start=\"829\" data-end=\"871\">de<\/span><strong style=\"font-size: 14px;\" data-start=\"829\" data-end=\"871\"> <\/strong><span style=\"font-size: 14px;\" data-start=\"829\" data-end=\"871\">garnitures<\/span><span style=\"font-size: 14px;\"> pour une remise \u00e0 neuf performante<\/span><\/p>\n<\/li>\n<li data-start=\"909\" data-end=\"968\">\n<p data-start=\"911\" data-end=\"968\"><strong data-start=\"911\" data-end=\"927\">Regarnissage<\/strong> de cylindres, axes et barrettes de peigneuse<\/p>\n<\/li>\n<li data-start=\"969\" data-end=\"1036\">\n<p data-start=\"971\" data-end=\"1036\"><b>Fourniture<\/b> de <span data-start=\"985\" data-end=\"997\">lani\u00e8res, manchons<\/span> et accessoires adapt\u00e9s \u00e0 vos besoins<\/p>\n<\/li>\n<li data-start=\"1037\" data-end=\"1088\">\n<p data-start=\"1039\" data-end=\"1088\"><strong data-start=\"1039\" data-end=\"1060\">Livraison express<\/strong>, sans minimum de commande<\/p>\n<\/li>\n<\/ul>\t\t\t\t\t\t\t\t<\/div>\n\t\t\t\t<\/div>\n\t\t\t\t\t<\/div>\n\t\t<\/div>\n\t\t\t\t<div class=\"elementor-column elementor-col-50 elementor-top-column elementor-element elementor-element-67775ae\" data-id=\"67775ae\" data-element_type=\"column\">\n\t\t\t<div class=\"elementor-widget-wrap elementor-element-populated\">\n\t\t\t\t\t\t<div class=\"elementor-element elementor-element-e1c7438 elementor-widget elementor-widget-image\" data-id=\"e1c7438\" data-element_type=\"widget\" data-widget_type=\"image.default\">\n\t\t\t\t<div class=\"elementor-widget-container\">\n\t\t\t\t\t\t\t\t\t\t\t\t\t\t\t<img decoding=\"async\" width=\"1200\" height=\"700\" src=\"https:\/\/www.demarque-licaplast.com\/demarque\/wp-content\/uploads\/2023\/05\/Textile-1200x700.png\" class=\"attachment-ocean-thumb-l size-ocean-thumb-l wp-image-233\" alt=\"\" \/>\t\t\t\t\t\t\t\t\t\t\t\t\t\t\t<\/div>\n\t\t\t\t<\/div>\n\t\t\t\t\t<\/div>\n\t\t<\/div>\n\t\t\t\t\t<\/div>\n\t\t<\/section>\n\t\t\t\t<section class=\"elementor-section elementor-top-section elementor-element elementor-element-0b74a9e elementor-section-boxed elementor-section-height-default elementor-section-height-default\" data-id=\"0b74a9e\" data-element_type=\"section\">\n\t\t\t\t\t\t<div class=\"elementor-container elementor-column-gap-default\">\n\t\t\t\t\t<div class=\"elementor-column elementor-col-100 elementor-top-column elementor-element elementor-element-dd80966\" data-id=\"dd80966\" data-element_type=\"column\">\n\t\t\t<div class=\"elementor-widget-wrap elementor-element-populated\">\n\t\t\t\t\t\t<div class=\"elementor-element elementor-element-70dd0f8 elementor-widget elementor-widget-text-editor\" data-id=\"70dd0f8\" data-element_type=\"widget\" data-widget_type=\"text-editor.default\">\n\t\t\t\t<div class=\"elementor-widget-container\">\n\t\t\t\t\t\t\t\t\t<p><span style=\"color: #000000; font-family: Roboto, sans-serif; font-size: 14px; font-style: normal; font-variant-ligatures: normal; font-variant-caps: normal; font-weight: 400; text-align: center;\">\ud83d\udcde\u00a0<\/span><span style=\"font-variant-ligatures: normal; font-variant-caps: normal; font-family: Roboto, sans-serif; font-size: 14px; font-style: normal; font-weight: 400; color: #000000; text-align: center;\"><span style=\"font-size: 14px; font-weight: bold;\">Contactez-nous d\u00e8s aujourd\u2019hui<\/span><\/span><span style=\"color: #000000; font-family: Roboto, sans-serif; font-size: 14px; font-style: normal; font-variant-ligatures: normal; font-variant-caps: normal; font-weight: 400; text-align: center;\">\u00a0pour d\u00e9couvrir comment nous pouvons vous accompagner pour<\/span><span style=\"color: #000000; font-family: Roboto, sans-serif; font-size: 14px; font-style: normal; font-variant-ligatures: normal; font-variant-caps: normal; font-weight: 400; text-align: center;\">\u00a0optimiser votre production.<\/span><\/p>\t\t\t\t\t\t\t\t<\/div>\n\t\t\t\t<\/div>\n\t\t\t\t<div class=\"elementor-element elementor-element-1b652da elementor-align-center elementor-widget elementor-widget-button\" data-id=\"1b652da\" data-element_type=\"widget\" data-widget_type=\"button.default\">\n\t\t\t\t<div class=\"elementor-widget-container\">\n\t\t\t\t\t\t\t\t\t<div class=\"elementor-button-wrapper\">\n\t\t\t\t\t<a class=\"elementor-button elementor-button-link elementor-size-sm\" href=\"https:\/\/www.demarque-licaplast.com\/demarque\/index.php\/nous-contacter\/\">\n\t\t\t\t\t\t<span class=\"elementor-button-content-wrapper\">\n\t\t\t\t\t\t\t\t\t<span class=\"elementor-button-text\">Nous contacter<\/span>\n\t\t\t\t\t<\/span>\n\t\t\t\t\t<\/a>\n\t\t\t\t<\/div>\n\t\t\t\t\t\t\t\t<\/div>\n\t\t\t\t<\/div>\n\t\t\t\t\t<\/div>\n\t\t<\/div>\n\t\t\t\t\t<\/div>\n\t\t<\/section>\n\t\t\t\t<\/div>\n\t\t","protected":false},"excerpt":{"rendered":"<p>Acteur reconnu depuis de nombreuses ann\u00e9es, nous accompagnons les filatures open end et les peignages dans la fourniture, l\u2019entretien et l\u2019optimisation de leur mat\u00e9riel. Notre expertise nous permet d\u2019intervenir \u00e0 chaque \u00e9tape, du conseil technique \u00e0 la livraison, avec un service r\u00e9actif et adapt\u00e9 aux besoins sp\u00e9cifiques de chaque client. Agent France \/ Belgique \/ [&hellip;]<\/p>\n","protected":false},"author":1,"featured_media":0,"parent":0,"menu_order":0,"comment_status":"closed","ping_status":"closed","template":"","meta":{"om_disable_all_campaigns":false,"_monsterinsights_skip_tracking":false,"_monsterinsights_sitenote_active":false,"_monsterinsights_sitenote_note":"","_monsterinsights_sitenote_category":0,"_uf_show_specific_survey":0,"_uf_disable_surveys":false,"ocean_post_layout":"","ocean_both_sidebars_style":"","ocean_both_sidebars_content_width":0,"ocean_both_sidebars_sidebars_width":0,"ocean_sidebar":"","ocean_second_sidebar":"","ocean_disable_margins":"enable","ocean_add_body_class":"","ocean_shortcode_before_top_bar":"","ocean_shortcode_after_top_bar":"","ocean_shortcode_before_header":"","ocean_shortcode_after_header":"","ocean_has_shortcode":"","ocean_shortcode_after_title":"","ocean_shortcode_before_footer_widgets":"","ocean_shortcode_after_footer_widgets":"","ocean_shortcode_before_footer_bottom":"","ocean_shortcode_after_footer_bottom":"","ocean_display_top_bar":"default","ocean_display_header":"default","ocean_header_style":"","ocean_center_header_left_menu":"","ocean_custom_header_template":"","ocean_custom_logo":0,"ocean_custom_retina_logo":0,"ocean_custom_logo_max_width":0,"ocean_custom_logo_tablet_max_width":0,"ocean_custom_logo_mobile_max_width":0,"ocean_custom_logo_max_height":0,"ocean_custom_logo_tablet_max_height":0,"ocean_custom_logo_mobile_max_height":0,"ocean_header_custom_menu":"","ocean_menu_typo_font_family":"","ocean_menu_typo_font_subset":"","ocean_menu_typo_font_size":0,"ocean_menu_typo_font_size_tablet":0,"ocean_menu_typo_font_size_mobile":0,"ocean_menu_typo_font_size_unit":"px","ocean_menu_typo_font_weight":"","ocean_menu_typo_font_weight_tablet":"","ocean_menu_typo_font_weight_mobile":"","ocean_menu_typo_transform":"","ocean_menu_typo_transform_tablet":"","ocean_menu_typo_transform_mobile":"","ocean_menu_typo_line_height":0,"ocean_menu_typo_line_height_tablet":0,"ocean_menu_typo_line_height_mobile":0,"ocean_menu_typo_line_height_unit":"","ocean_menu_typo_spacing":0,"ocean_menu_typo_spacing_tablet":0,"ocean_menu_typo_spacing_mobile":0,"ocean_menu_typo_spacing_unit":"","ocean_menu_link_color":"","ocean_menu_link_color_hover":"","ocean_menu_link_color_active":"","ocean_menu_link_background":"","ocean_menu_link_hover_background":"","ocean_menu_link_active_background":"","ocean_menu_social_links_bg":"","ocean_menu_social_hover_links_bg":"","ocean_menu_social_links_color":"","ocean_menu_social_hover_links_color":"","ocean_disable_title":"default","ocean_disable_heading":"default","ocean_post_title":"","ocean_post_subheading":"","ocean_post_title_style":"","ocean_post_title_background_color":"","ocean_post_title_background":0,"ocean_post_title_bg_image_position":"","ocean_post_title_bg_image_attachment":"","ocean_post_title_bg_image_repeat":"","ocean_post_title_bg_image_size":"","ocean_post_title_height":0,"ocean_post_title_bg_overlay":0.5,"ocean_post_title_bg_overlay_color":"","ocean_disable_breadcrumbs":"default","ocean_breadcrumbs_color":"","ocean_breadcrumbs_separator_color":"","ocean_breadcrumbs_links_color":"","ocean_breadcrumbs_links_hover_color":"","ocean_display_footer_widgets":"default","ocean_display_footer_bottom":"default","ocean_custom_footer_template":"","_themeisle_gutenberg_block_has_review":false,"footnotes":""},"class_list":["post-998","page","type-page","status-publish","hentry","entry"],"aioseo_notices":[],"yoast_head":"<!-- This site is optimized with the Yoast SEO plugin v25.6 - https:\/\/yoast.com\/wordpress\/plugins\/seo\/ -->\n<title>Maintenance Textile - SAS DEMARQUE - LICAPLAST<\/title>\n<meta name=\"robots\" content=\"index, follow, max-snippet:-1, max-image-preview:large, max-video-preview:-1\" \/>\n<link rel=\"canonical\" href=\"https:\/\/www.demarque-licaplast.com\/demarque\/index.php\/maintenance-textile\/\" \/>\n<meta property=\"og:locale\" content=\"fr_FR\" \/>\n<meta property=\"og:type\" content=\"article\" \/>\n<meta property=\"og:title\" content=\"Maintenance Textile - SAS DEMARQUE - LICAPLAST\" \/>\n<meta property=\"og:description\" content=\"Acteur reconnu depuis de nombreuses ann\u00e9es, nous accompagnons les filatures open end et les peignages dans la fourniture, l\u2019entretien et l\u2019optimisation de leur mat\u00e9riel. Notre expertise nous permet d\u2019intervenir \u00e0 chaque \u00e9tape, du conseil technique \u00e0 la livraison, avec un service r\u00e9actif et adapt\u00e9 aux besoins sp\u00e9cifiques de chaque client. Agent France \/ Belgique \/ [&hellip;]\" \/>\n<meta property=\"og:url\" content=\"https:\/\/www.demarque-licaplast.com\/demarque\/index.php\/maintenance-textile\/\" \/>\n<meta property=\"og:site_name\" content=\"SAS DEMARQUE - LICAPLAST\" \/>\n<meta property=\"article:modified_time\" content=\"2025-08-14T07:34:47+00:00\" \/>\n<meta property=\"og:image\" content=\"https:\/\/www.demarque-licaplast.com\/demarque\/wp-content\/uploads\/2023\/05\/Textile.jpg\" \/>\n\t<meta property=\"og:image:width\" content=\"860\" \/>\n\t<meta property=\"og:image:height\" content=\"573\" \/>\n\t<meta property=\"og:image:type\" content=\"image\/jpeg\" \/>\n<meta name=\"twitter:card\" content=\"summary_large_image\" \/>\n<meta name=\"twitter:label1\" content=\"Dur\u00e9e de lecture estim\u00e9e\" \/>\n\t<meta name=\"twitter:data1\" content=\"2 minutes\" \/>\n<script type=\"application\/ld+json\" class=\"yoast-schema-graph\">{\"@context\":\"https:\/\/schema.org\",\"@graph\":[{\"@type\":\"WebPage\",\"@id\":\"https:\/\/www.demarque-licaplast.com\/demarque\/index.php\/maintenance-textile\/\",\"url\":\"https:\/\/www.demarque-licaplast.com\/demarque\/index.php\/maintenance-textile\/\",\"name\":\"Maintenance Textile - SAS DEMARQUE - LICAPLAST\",\"isPartOf\":{\"@id\":\"https:\/\/www.demarque-licaplast.com\/demarque\/#website\"},\"primaryImageOfPage\":{\"@id\":\"https:\/\/www.demarque-licaplast.com\/demarque\/index.php\/maintenance-textile\/#primaryimage\"},\"image\":{\"@id\":\"https:\/\/www.demarque-licaplast.com\/demarque\/index.php\/maintenance-textile\/#primaryimage\"},\"thumbnailUrl\":\"https:\/\/www.demarque-licaplast.com\/demarque\/wp-content\/uploads\/2023\/05\/Textile.jpg\",\"datePublished\":\"2025-08-14T07:23:46+00:00\",\"dateModified\":\"2025-08-14T07:34:47+00:00\",\"breadcrumb\":{\"@id\":\"https:\/\/www.demarque-licaplast.com\/demarque\/index.php\/maintenance-textile\/#breadcrumb\"},\"inLanguage\":\"fr-FR\",\"potentialAction\":[{\"@type\":\"ReadAction\",\"target\":[\"https:\/\/www.demarque-licaplast.com\/demarque\/index.php\/maintenance-textile\/\"]}]},{\"@type\":\"ImageObject\",\"inLanguage\":\"fr-FR\",\"@id\":\"https:\/\/www.demarque-licaplast.com\/demarque\/index.php\/maintenance-textile\/#primaryimage\",\"url\":\"https:\/\/www.demarque-licaplast.com\/demarque\/wp-content\/uploads\/2023\/05\/Textile.jpg\",\"contentUrl\":\"https:\/\/www.demarque-licaplast.com\/demarque\/wp-content\/uploads\/2023\/05\/Textile.jpg\",\"width\":860,\"height\":573},{\"@type\":\"BreadcrumbList\",\"@id\":\"https:\/\/www.demarque-licaplast.com\/demarque\/index.php\/maintenance-textile\/#breadcrumb\",\"itemListElement\":[{\"@type\":\"ListItem\",\"position\":1,\"name\":\"Accueil\",\"item\":\"https:\/\/www.demarque-licaplast.com\/demarque\/\"},{\"@type\":\"ListItem\",\"position\":2,\"name\":\"Maintenance Textile\"}]},{\"@type\":\"WebSite\",\"@id\":\"https:\/\/www.demarque-licaplast.com\/demarque\/#website\",\"url\":\"https:\/\/www.demarque-licaplast.com\/demarque\/\",\"name\":\"SAS DEMARQUE - LICAPLAST\",\"description\":\"Acteur de proximit\u00e9 de vos activit\u00e9s de maintenance industrielles\",\"publisher\":{\"@id\":\"https:\/\/www.demarque-licaplast.com\/demarque\/#organization\"},\"potentialAction\":[{\"@type\":\"SearchAction\",\"target\":{\"@type\":\"EntryPoint\",\"urlTemplate\":\"https:\/\/www.demarque-licaplast.com\/demarque\/?s={search_term_string}\"},\"query-input\":{\"@type\":\"PropertyValueSpecification\",\"valueRequired\":true,\"valueName\":\"search_term_string\"}}],\"inLanguage\":\"fr-FR\"},{\"@type\":\"Organization\",\"@id\":\"https:\/\/www.demarque-licaplast.com\/demarque\/#organization\",\"name\":\"SAS DEMARQUE - LICAPLAST\",\"url\":\"https:\/\/www.demarque-licaplast.com\/demarque\/\",\"logo\":{\"@type\":\"ImageObject\",\"inLanguage\":\"fr-FR\",\"@id\":\"https:\/\/www.demarque-licaplast.com\/demarque\/#\/schema\/logo\/image\/\",\"url\":\"https:\/\/www.demarque-licaplast.com\/demarque\/wp-content\/uploads\/2023\/05\/cropped-logo-modifie-2-1-1.jpg\",\"contentUrl\":\"https:\/\/www.demarque-licaplast.com\/demarque\/wp-content\/uploads\/2023\/05\/cropped-logo-modifie-2-1-1.jpg\",\"width\":418,\"height\":114,\"caption\":\"SAS DEMARQUE - LICAPLAST\"},\"image\":{\"@id\":\"https:\/\/www.demarque-licaplast.com\/demarque\/#\/schema\/logo\/image\/\"}}]}<\/script>\n<!-- \/ Yoast SEO plugin. -->","yoast_head_json":{"title":"Maintenance Textile - SAS DEMARQUE - LICAPLAST","robots":{"index":"index","follow":"follow","max-snippet":"max-snippet:-1","max-image-preview":"max-image-preview:large","max-video-preview":"max-video-preview:-1"},"canonical":"https:\/\/www.demarque-licaplast.com\/demarque\/index.php\/maintenance-textile\/","og_locale":"fr_FR","og_type":"article","og_title":"Maintenance Textile - SAS DEMARQUE - LICAPLAST","og_description":"Acteur reconnu depuis de nombreuses ann\u00e9es, nous accompagnons les filatures open end et les peignages dans la fourniture, l\u2019entretien et l\u2019optimisation de leur mat\u00e9riel. Notre expertise nous permet d\u2019intervenir \u00e0 chaque \u00e9tape, du conseil technique \u00e0 la livraison, avec un service r\u00e9actif et adapt\u00e9 aux besoins sp\u00e9cifiques de chaque client. Agent France \/ Belgique \/ [&hellip;]","og_url":"https:\/\/www.demarque-licaplast.com\/demarque\/index.php\/maintenance-textile\/","og_site_name":"SAS DEMARQUE - LICAPLAST","article_modified_time":"2025-08-14T07:34:47+00:00","og_image":[{"width":860,"height":573,"url":"https:\/\/www.demarque-licaplast.com\/demarque\/wp-content\/uploads\/2023\/05\/Textile.jpg","type":"image\/jpeg"}],"twitter_card":"summary_large_image","twitter_misc":{"Dur\u00e9e de lecture estim\u00e9e":"2 minutes"},"schema":{"@context":"https:\/\/schema.org","@graph":[{"@type":"WebPage","@id":"https:\/\/www.demarque-licaplast.com\/demarque\/index.php\/maintenance-textile\/","url":"https:\/\/www.demarque-licaplast.com\/demarque\/index.php\/maintenance-textile\/","name":"Maintenance Textile - SAS DEMARQUE - LICAPLAST","isPartOf":{"@id":"https:\/\/www.demarque-licaplast.com\/demarque\/#website"},"primaryImageOfPage":{"@id":"https:\/\/www.demarque-licaplast.com\/demarque\/index.php\/maintenance-textile\/#primaryimage"},"image":{"@id":"https:\/\/www.demarque-licaplast.com\/demarque\/index.php\/maintenance-textile\/#primaryimage"},"thumbnailUrl":"https:\/\/www.demarque-licaplast.com\/demarque\/wp-content\/uploads\/2023\/05\/Textile.jpg","datePublished":"2025-08-14T07:23:46+00:00","dateModified":"2025-08-14T07:34:47+00:00","breadcrumb":{"@id":"https:\/\/www.demarque-licaplast.com\/demarque\/index.php\/maintenance-textile\/#breadcrumb"},"inLanguage":"fr-FR","potentialAction":[{"@type":"ReadAction","target":["https:\/\/www.demarque-licaplast.com\/demarque\/index.php\/maintenance-textile\/"]}]},{"@type":"ImageObject","inLanguage":"fr-FR","@id":"https:\/\/www.demarque-licaplast.com\/demarque\/index.php\/maintenance-textile\/#primaryimage","url":"https:\/\/www.demarque-licaplast.com\/demarque\/wp-content\/uploads\/2023\/05\/Textile.jpg","contentUrl":"https:\/\/www.demarque-licaplast.com\/demarque\/wp-content\/uploads\/2023\/05\/Textile.jpg","width":860,"height":573},{"@type":"BreadcrumbList","@id":"https:\/\/www.demarque-licaplast.com\/demarque\/index.php\/maintenance-textile\/#breadcrumb","itemListElement":[{"@type":"ListItem","position":1,"name":"Accueil","item":"https:\/\/www.demarque-licaplast.com\/demarque\/"},{"@type":"ListItem","position":2,"name":"Maintenance Textile"}]},{"@type":"WebSite","@id":"https:\/\/www.demarque-licaplast.com\/demarque\/#website","url":"https:\/\/www.demarque-licaplast.com\/demarque\/","name":"SAS DEMARQUE - LICAPLAST","description":"Acteur de proximit\u00e9 de vos activit\u00e9s de maintenance industrielles","publisher":{"@id":"https:\/\/www.demarque-licaplast.com\/demarque\/#organization"},"potentialAction":[{"@type":"SearchAction","target":{"@type":"EntryPoint","urlTemplate":"https:\/\/www.demarque-licaplast.com\/demarque\/?s={search_term_string}"},"query-input":{"@type":"PropertyValueSpecification","valueRequired":true,"valueName":"search_term_string"}}],"inLanguage":"fr-FR"},{"@type":"Organization","@id":"https:\/\/www.demarque-licaplast.com\/demarque\/#organization","name":"SAS DEMARQUE - LICAPLAST","url":"https:\/\/www.demarque-licaplast.com\/demarque\/","logo":{"@type":"ImageObject","inLanguage":"fr-FR","@id":"https:\/\/www.demarque-licaplast.com\/demarque\/#\/schema\/logo\/image\/","url":"https:\/\/www.demarque-licaplast.com\/demarque\/wp-content\/uploads\/2023\/05\/cropped-logo-modifie-2-1-1.jpg","contentUrl":"https:\/\/www.demarque-licaplast.com\/demarque\/wp-content\/uploads\/2023\/05\/cropped-logo-modifie-2-1-1.jpg","width":418,"height":114,"caption":"SAS DEMARQUE - LICAPLAST"},"image":{"@id":"https:\/\/www.demarque-licaplast.com\/demarque\/#\/schema\/logo\/image\/"}}]}},"_links":{"self":[{"href":"https:\/\/www.demarque-licaplast.com\/demarque\/index.php\/wp-json\/wp\/v2\/pages\/998","targetHints":{"allow":["GET"]}}],"collection":[{"href":"https:\/\/www.demarque-licaplast.com\/demarque\/index.php\/wp-json\/wp\/v2\/pages"}],"about":[{"href":"https:\/\/www.demarque-licaplast.com\/demarque\/index.php\/wp-json\/wp\/v2\/types\/page"}],"author":[{"embeddable":true,"href":"https:\/\/www.demarque-licaplast.com\/demarque\/index.php\/wp-json\/wp\/v2\/users\/1"}],"replies":[{"embeddable":true,"href":"https:\/\/www.demarque-licaplast.com\/demarque\/index.php\/wp-json\/wp\/v2\/comments?post=998"}],"version-history":[{"count":4,"href":"https:\/\/www.demarque-licaplast.com\/demarque\/index.php\/wp-json\/wp\/v2\/pages\/998\/revisions"}],"predecessor-version":[{"id":1003,"href":"https:\/\/www.demarque-licaplast.com\/demarque\/index.php\/wp-json\/wp\/v2\/pages\/998\/revisions\/1003"}],"wp:attachment":[{"href":"https:\/\/www.demarque-licaplast.com\/demarque\/index.php\/wp-json\/wp\/v2\/media?parent=998"}],"curies":[{"name":"wp","href":"https:\/\/api.w.org\/{rel}","templated":true}]}}